-2 - 14*2/n. Suppose -3*y + 22 = -4*v - 31, 4*y + o*v = 19. What is the tens digit of y?
1
Let d(f) = f - 13. Let y be d(16). Suppose -y*t + t = -126. Let l = t + -37. What is the tens digit of l?
2
Let w be (-7)/((-28)/48) + -2. Let t be (215/w)/((-1)/(-2)). Suppose -v = b - 5*b - 54, -5*b = 2*v - t. What is the units digit of v?
4
Let u(q) = q**2 + 4*q + 14. Let i(k) = -11*k - 4. Let j be i(-1). What is the units digit of u(j)?
1
Suppose 8 = -4*n - 92. Let u = n + 66. What is the units digit of u?
1
Suppose -9*g + 7920 = 1908. What is the tens digit of g?
6
Suppose -b = 5*x - 775, 2*b = -6 - 4. What is the units digit of x?
6
Let n(h) = -h**2 + 11*h + 36. Let p(y) = -4*y**2 + 33*y + 107. Let m(k) = 7*n(k) - 2*p(k). What is the tens digit of m(-12)?
5
Let z(j) = -9*j**3 - 5*j**2 - 4*j - 3. Let v be z(-3). Let t = -85 + v. What is the units digit of t?
2
Let u(d) = 8*d**2 + 25*d + 404. What is the units digit of u(-26)?
2
Let y = 67 - -34. Let z be ((-147)/(-7))/(-7)*24. Let d = z + y. What is the units digit of d?
9
Let o(a) be the second derivative of -a**5/20 + 5*a**4/6 + a**3/3 + 7*a**2/2 + 14*a. What is the hundreds digit of o(9)?
1
Let k = 1540 - 1079. What is the units digit of k?
1
Suppose -9 = 2*a - 11. What is the tens digit of 29 - (-7 + 8 - (3 + a))?
3
Let s(l) = 2*l**3 - 39*l**2 + 5*l + 42. What is the thousands digit of s(21)?
1
Suppose 0 = -2*m + 4*m + 80. Let j be (-150)/m - 3/4. Suppose -j*t + 35 = 4*y, 0*y = 5*t + 3*y - 73. What is the units digit of t?
7
Let y(t) = t - 3. Let d(m) = -3*m**2 + 0*m**3 + 2 + m**2 + m**3 - 2*m**3. Let g be d(-3). What is the units digit of y(g)?
8
Let a = -95 + 54. Let m = 193 + -135. Let l = m + a. What is the tens digit of l?
1
Suppose g + q - 599 = -103, -5*g - q = -2468. What is the tens digit of g?
9
Suppose -5*q = -4*u + 50, q = 3*q - 3*u + 13. Let m be (12/(-42))/(2/q). Let x = m + 0. What is the units digit of x?
2
Let z(p) = 51*p + 130. What is the hundreds digit of z(7)?
4
Suppose u + 5*x - 372 = 0, 4*x - 19 = -3. What is the tens digit of u?
5
Let u(g) = 7*g + 23. Let a be u(-8). Suppose 3*s - 103 = 47. Let w = a + s. What is the tens digit of w?
1
Let j(k) = 6*k - 11. Let c be j(21). Suppose -5*o + 2*m = -c, 4*o - o - 4*m - 55 = 0. What is the tens digit of o?
2
What is the units digit of -16 + 16 - 3/((-6)/760)?
0
Let n be (-4)/(-3 + 5) - 1. Let d be 634/12 - n/18. Let g = d - 24. What is the tens digit of g?
2
Let n(v) = -18*v - 1. Let b be (-107)/(-7) + (-12)/42. Let j = b - 17. What is the units digit of n(j)?
5
Suppose -3*y = -4*x, -3*x = x + y - 16. Suppose 2*n + 5 = 3*c, x*n - 6 = -c + 3. What is the units digit of c?
3
Let r = 3827 + -116. What is the hundreds digit of r?
7
Let v = -35 + 37. Suppose 15 = v*u + 37. Let b(x) = x**3 + 11*x**2 - 3*x + 14. What is the tens digit of b(u)?
4
Let q = 0 + 213. Suppose 0*y = -2*y + i + 94, 5*y + 3*i = q. What is the tens digit of y?
4
Let b be (-271)/(-9) - 3/27. Let k = b + -17. What is the tens digit of k?
1
Let k be (-7)/(-3) + 4/6. Let t be (9 + -8)*k*1. Suppose -5*j + 108 = t*b, -44 = -0*j - 2*j - b. What is the units digit of j?
4
Let r(k) be the second derivative of -k**4/12 + 7*k**3/2 + 3*k**2/2 - 33*k. What is the tens digit of r(19)?
4
Let k be -12*(15/12 + -2). Let i = k - 0. What is the units digit of i?
9
Let s = 60 + -89. Let m be -2*((-8)/(-4) - s). Let n = 89 + m. What is the tens digit of n?
2
Suppose -4*w - 6*v + 8*v + 434 = 0, 4*w = -2*v + 422. What is the hundreds digit of w?
1
Let z(m) = -11*m + 23*m + 19*m**2 - 11*m. What is the units digit of z(3)?
4
Suppose -5*z - 2265 = -5*x, -2*x + 0*x = 4*z - 936. What is the hundreds digit of x?
4
Suppose -4*j = -7*j. Suppose j = 8*w - 2*w - 756. What is the tens digit of w/8*(-16)/(-6)?
4
Let y be (0/4)/(-2 - -1). Let v be ((-5)/15)/((-1)/6). Suppose -22 = -v*z - y*z. What is the units digit of z?
1
Suppose 0 = -3*n + 4948 + 278. What is the units digit of n?
2
Suppose 0 = q - 2*f + 13, -3*q = -3*f - f + 37. What is the units digit of (-12)/(-66) - 339/q?
1
Let x = -16 + 18. Let s(d) = 4*d**2 - d - 3. What is the tens digit of s(x)?
1
What is the tens digit of 12352/256 - 2/8?
4
Suppose 0 = -3*z - i + 1611, -z - 2*z = -3*i - 1599. Suppose 0 = 11*k - 7*k - z. What is the tens digit of k?
3
Let g(o) = 2*o**2 + 55*o + 324. What is the tens digit of g(-33)?
8
What is the units digit of ((-572)/132)/((-1)/6)?
6
Suppose 13*y - 30*y = -2074. What is the tens digit of y?
2
Suppose 2523 + 1789 = 7*p. What is the hundreds digit of p?
6
Suppose 3 = 2*p - 37. Let x be (-250)/(-1)*(-8)/p. Let g = x - -152. What is the tens digit of g?
5
Let u(h) = -h + 2. Let b be u(0). Suppose -z + 17 = b*y - 3, 2*y + 5*z = 20. What is the units digit of 398/y - (-3)/15?
0
Suppose 25*y - 1155 = 20*y. Suppose 4*h - 3*v - 299 = 9, 3*v = -3*h + y. What is the units digit of h?
7
Let y = 1654 + 2612. What is the thousands digit of y?
4
Let r(j) = 2*j**2 + 8*j + 2. Suppose -g = 3*z - 7, 8 = 2*z - 4*g - 6. What is the tens digit of r(z)?
4
Let z(g) = -g**3 + 5*g**2 + g - 4. Let k be z(5). What is the units digit of 59*k - (-9 - -12)?
6
Let c = -53 + 24. Suppose 0 = -4*d + 4*s - 84, 0*d + d + 31 = 3*s. Let x = d - c. What is the units digit of x?
3
What is the tens digit of (-366)/60 + 6 - 2031/(-10)?
0
Let f(l) = 7*l**3 - 2*l + 1. Let q be f(1). Suppose 4*b - b = q. What is the tens digit of -29*(-1 + (b - 2))?
2
Suppose 1356 = 10*r - 4914. What is the units digit of r?
7
Let z be 14/6 + 5/(-15). Suppose i - 5*q - 46 = -14, -2*q - 48 = -z*i. Let u = i - -30. What is the tens digit of u?
5
Suppose 3*v + 5374 = 6*v - 4*u, -4*u = v - 1802. What is the units digit of v?
4
Let f(g) = -g**2 + g. Let s be f(-2). What is the tens digit of 24/9*(-63)/s?
2
What is the hundreds digit of (-25510)/(-15) + (-9)/(-27)?
7
Let u(s) = 3 - 5 - s + 4 - s**3 - 1 - s**2. What is the tens digit of u(-4)?
5
Suppose 0 = 3*k - 6*k - b + 131, -4*b = -5*k + 207. What is the units digit of k + (3 + 1)/4?
4
Suppose -5*d + 3*p - 10 = 6, 0 = p - 2. Let h be 1*d - 12/(-4). What is the units digit of h*14*(-9)/(-18)?
7
Suppose 0 = 13*x - 12*x + 6. Let z(c) = c**3 + 8*c**2 + 5*c + 11. What is the units digit of z(x)?
3
Let i(j) = -7*j + 15. Let y be i(5). Let l be ((-10)/(-25))/((-2)/y). Suppose 4 = l*n - 0. What is the units digit of n?
1
Let r = 2 - 45. Let p = r - -61. What is the units digit of p?
8
Let g be (-200)/35 + 2/(-7). Let i(s) = 1. Let n(b) = -b. Let f(c) = -2*i(c) + n(c). What is the units digit of f(g)?
4
Suppose -4*i - 70 = i. Let f = i + 16. What is the units digit of 2*f*55/20?
1
Let z = -850 + 1700. What is the hundreds digit of z?
8
Let k = 224 - -322. What is the units digit of k?
6
Let z(k) = 53*k + 102. Let n(u) = 18*u + 34. Let o(c) = 8*n(c) - 3*z(c). What is the units digit of o(-10)?
6
Suppose -16*n = -19*n - 33. Let r(c) = -11*c - 59. What is the tens digit of r(n)?
6
Let s be 6 + (-5)/(20/12). Suppose s*w = -3*w + 114. What is the tens digit of w?
1
Let o(h) = 9*h - 16*h + h**2 + 5*h + 6*h + 9. Suppose 0 + 9 = -2*w - v, 4*w + 15 = -3*v. What is the tens digit of o(w)?
2
Let k(j) = -42 - j + 5 + 9*j + 13. What is the units digit of k(9)?
8
Let d = -644 + 1114. What is the tens digit of d?
7
Let q be -4 + (5 - 4)*0. Let y be (-10)/q + 3/6. Suppose y*l + 6 = 3*c, -2 - 1 = -l. What is the units digit of c?
5
Suppose -3*y = c - 285, y - 2 = -3. Suppose 0*k - 4*k = -c. What is the tens digit of k?
7
Suppose 0 = -4*v - 2*w + 24, -v + 4*w + 4 = 4*v. Suppose -5*d + v*x - 51 = 104, -3*x = -15. What is the tens digit of (-399)/d - (-6)/27?
1
Suppose -4*m - h = -13, 3*m = -0*m - 4*h + 13. Suppose 2*o - 424 = 2*b, m*o - b - 595 = 35. Suppose 0 = -3*r + o - 8. What is the tens digit of r?
6
Let o(z) = -20*z + 11. Let i be o(-7). Suppose -3*d + x = -i, 0 = 2*d - 3*x - 48 - 55. What is the units digit of d?
0
Let m = 2941 - 68. What is the thousands digit of m?
2
Let o be 5*3*(-8)/20. What is the hundreds digit of o/(6/(-9) - (-428)/696)?
1
Suppose -10 - 150 = -8*l. Suppose 4*m - 6 - 2 = 0. Suppose 4*a = l, -f + m*a + 24 = -a. What is the units digit of f?
9
Let k = -266 + 449. Suppose -34 - k = -7*q. What is the tens digit of q?
3
What is the thousands digit of 52/130 + (-9953)/(-5)?
1
Suppose 0*m + 154 = 2*m. Let t = 236 -